-7 - -10. Let f = -10 + o. Let y(i) = -i**3 - 7*i**2 - 4*i - 4. What is the remainder when 45 is divided by y(f)?
21
Suppose 20*l - 4 = 116. What is the remainder when 9 is divided by l?
3
Suppose 0 = -v - 4*s + 91, 4*v + 26 - 369 = 5*s. Suppose 0 = -6*o + 9 + v. What is the remainder when 63 is divided by o?
15
Let q(u) = -u**2 + 6*u. Let f be q(5). Let x = 10 - f. Let y = 1500 - 1497. What is the remainder when x is divided by y?
2
Let d(u) = 43*u - 3. Suppose -78*p + 2760 = 27*p + 10*p. What is the remainder when d(2) is divided by p?
11
Let n = -17 + 151. Let y = 198 - n. Calculate the remainder when y is divided by 11*((-1)/(-3)*3 - -1).
20
Calculate the remainder when 179 is divided by (-6)/(-5)*60/24*4.
11
Let w be (0 + 0)/(-2) - -2. Suppose -5*r = -w*r - 39. Let f(g) = -g**3 - 13*g**2 + 30*g + 7. What is the remainder when r is divided by f(-15)?
6
Let z(j) = j**3 + 5*j**2 + 7*j + 7. Let n be z(-3). Let l(t) = t**2 + 2*t + 1. Calculate the remainder when 172 is divided by l(n).
22
Let c = -68 + 56. What is the remainder when (3/c*-4)/1 - -52 is divided by 11?
9
Let m(f) = f + 9. Let j be -7 + 8 + (-5)/1. Let a be m(j). Suppose -a*k + 62 = 2. What is the remainder when 23 is divided by k?
11
Let m(y) = -5*y + 88. Calculate the remainder when 64 is divided by m(12).
8
Let f(w) = -w**3 + 21*w**2 - 33*w + 35. What is the remainder when 777 is divided by f(19)?
127
Let h(f) = 11*f + 243. Calculate the remainder when h(-15) is divided by 20.
18
Let p = 0 + 3. Suppose -o - 2*v - 20 + 18 = 0, 0 = 4*o - 3*v - 25. What is the remainder when o is divided by p?
1
Let s = -57 + 65. What is the remainder when 42 is divided by s?
2
Suppose -2*s = -p - 44, 5*s + 10*p - 15*p = 100. What is the remainder when (-4)/(-10) + (-936)/(-10) is divided by s?
22
Let u = -41 - -165. Suppose 4*z - 5*z = -5*v - 129, -4*v = -z + u. What is the remainder when z is divided by 21?
20
What is the remainder when 466 is divided by (1 - 0)*6 - -7?
11
Let p(w) = 15*w + w**2 - 17*w + 14*w + 33. What is the remainder when p(-12) is divided by 20?
13
Suppose 3*g + 160 + 84 = 5*y, -3*y = g - 152. Calculate the remainder when 105 is divided by y.
5
Let j = 144 - 134. Let i(t) = t**3 - 10*t**2 + 9*t - 7. Calculate the remainder when i(j) is divided by 18.
11
Suppose y - 5*y = 2*w - 30, 4*w = -5*y + 42. Let l = 21 - -5. Suppose -h - l = -2*s, h - y = 5*s - 77. Calculate the remainder when 58 is divided by s.
13
Suppose 5*s + 23 = 8*s - 5*t, 5*t = 5*s - 35. Let r = 45 - 16. What is the remainder when r is divided by s?
5
Suppose -4*b + 0*b = 52. Let i = b + 35. Let f(r) = -r + 6. What is the remainder when i is divided by f(0)?
4
Calculate the remainder when (-2)/6 + (-94)/(-3) is divided by 156/312*(-1 - -1 - -34).
14
Let p = 225 + -189. What is the remainder when 251 is divided by p?
35
Let x(s) = -4*s - 6. Let g be x(-6). Let m = g - -2. Let h = -6 + 12. Calculate the remainder when m is divided by h.
2
Let y = 0 - -13. Let g be (24/30)/((-6)/15). What is the remainder when y is divided by ((-2)/(-3))/(g/(-12))?
1
Let i be -8 + 7 - (0 - 4). Suppose -16 - 82 = 4*t - 2*l, 0 = -i*l - 9. Let j = -6 - t. What is the remainder when 97 is divided by j?
17
Let u(d) = 4*d**2 + d - 8. Calculate the remainder when u(2) is divided by -12*1/2*-1.
4
Let s(q) = q**2 + 4*q - 9. Suppose -z = 5*x + 78, -z - 16 = -4*x - 73. Let i = 8 + x. Calculate the remainder when 34 is divided by s(i).
10
Suppose 69 = 3*g - 5*n + 20, -3*n + 75 = 4*g. What is the remainder when g is divided by 12/(-3) - (-14 + 3)?
4
Suppose 29*f = 7*f + 1694. What is the remainder when f is divided by 39?
38
Let q = 95 - 105. Let d = 48 + q. Calculate the remainder when d is divided by 15.
8
Let b(k) = 44*k**2 + 2*k + 2. Let t = -4 + 3. What is the remainder when b(t) is divided by 23?
21
Suppose -9 = 2*a - l, 3*a - l + 10 = 4*l. What is the remainder when 8/a + 1 - (-86)/10 is divided by 6?
2
Let a(n) = -2*n**2 + 3*n + 19 + 0*n**2 + 2*n**3 - 21. What is the remainder when 58 is divided by a(2)?
10
Suppose 10779 = 25*g - 24896. Calculate the remainder when g is divided by 27.
23
Let i be -2*(20/(-8) - -4). Let q = i - -6. What is the remainder when 6 is divided by q?
0
Let c be ((-40)/12)/(-5)*-15. Let l be 1/1*(24 + c). Suppose -4*h + h = -4*x + l, -3*h = -x - 1. What is the remainder when 7 is divided by x?
2
Suppose 14 - 15 = -i, -5*d + 351 = -4*i. Calculate the remainder when 850 is divided by d.
69
Suppose 0 = -5*x + 2*x + 15. What is the remainder when 1813/185 + 9/(-5) is divided by x?
3
Let s be (16/12)/((-4)/30). Let v be (s/(-6))/((-4)/(-60)). Suppose -20 = -5*i + v. Calculate the remainder when i is divided by 6.
3
Let n = -406 + 438. Suppose 0 = -2*g - 3*g + 45. Calculate the remainder when n is divided by g.
5
Suppose d = 13 + 120. Suppose 0 = 2*b - 1 + 3, -5*i + d = 2*b. Let x = 8 + 6. Calculate the remainder when i is divided by x.
13
Suppose 5*r = 4*r + 10. What is the remainder when (-2)/((-2)/27) + -1 is divided by r?
6
Let t = 142 - 56. Let d be (342/45)/((-2)/(-10)). Suppose -m = 4*p - d, -2*p - 80 = -2*m - 2*m. What is the remainder when t is divided by m?
20
Let y be -4*1 - (-12)/2. Suppose 10 = -2*s, 0 = -y*k + 6*k + 3*s + 35. Calculate the remainder when (23/k)/((-9)/45) is divided by 13.
10
Let r = -1396 - -1531. Calculate the remainder when r is divided by 6.
3
Let d = 51 + -49. Suppose 0*x - 10 = -d*x. Calculate the remainder when 1*-2*-1 - -12 is divided by x.
4
Suppose 57 = 2*a + o + 15, a + 3*o - 11 = 0. What is the remainder when 180 is divided by a?
19
Let c = 275 + -248. Suppose -6*a = -a - 15. Suppose g - 3*j = -2*g + 324, a*g + j - 312 = 0. Calculate the remainder when g is divided by c.
24
Let n(v) = 3*v**2 + 2*v - 19. Calculate the remainder when n(-5) is divided by 11.
2
Let x(t) = -39*t**3 + t**2 - t - 1. Let l(m) = -m**3 + 7*m**2 - 4*m - 13. Let s be l(6). Calculate the remainder when 118 is divided by x(s).
38
Let p be 1/(-2) - (-145)/10. Let h = p - -16. Suppose 7*k - h = 2*k. Calculate the remainder when 22 is divided by k.
4
Let x(i) = -i**2 + 3*i + 7. Let h(y) = y**2 - y - 3. Let q(j) = 14*h(j) + 6*x(j). Calculate the remainder when q(-3) is divided by 31.
29
Suppose 5*m = -0*m - 25, o - 5*m = 72. Suppose -t - 15*t = -400. What is the remainder when o is divided by t?
22
Suppose -20*p - 244 = -1524. What is the remainder when p is divided by 36?
28
What is the remainder when 146 is divided by ((-200)/(-16) - 13)*-20?
6
Let i = -119 - -170. Suppose -36 = -3*t + 4*t. Let f = i + t. Calculate the remainder when 28 is divided by f.
13
Suppose 3*h = o - 5, 5*o - 3*h - 5 = 20. Let r(u) = 10*u**2 - 5*u + 9. Calculate the remainder when r(2) is divided by o.
4
Let r(f) = 6*f + 2. Let j be (24/(-16))/(1/(-8)). What is the remainder when (4*(-52)/(-48))/(2/j) is divided by r(2)?
12
Let f(g) = -2*g**3 - 8*g**2. Calculate the remainder when f(-6) is divided by -2 - -1 - (-18 + (-3 - 9)).
28
Let c(o) = -10*o - 3. Let y be (32/24)/((-2)/(-3)). Suppose 4*p - 13 = -5*k, -y*p + 4*k = -0*p. What is the remainder when c(-1) is divided by p?
1
Suppose 5*l + 335 = 435. What is the remainder when 72 is divided by l?
12
Let f = -37 - -201. Suppose 0 = x + x - 4*v + 64, -4*x - f = v. Let l = x - -67. What is the remainder when l is divided by 10?
7
Suppose a - 4 = 8. Let q = -6 + 5. What is the remainder when 47/2*-2*q is divided by a?
11
Let x(q) = q**3 + 3*q**2 + 2*q - 9. Let m = -14 - -17. What is the remainder when x(m) is divided by 16?
3
Let w(p) = p**2 - p + 3. Let o = -1 - 9. Let l = -6 - o. What is the remainder when 27 is divided by w(l)?
12
Suppose 0 = 3*b + 3*p - 15, -p = 3*p. Let x be ((-6)/(-7))/(54/126). Suppose b = x*c - 25. What is the remainder when c is divided by 4?
3
Suppose k - 13 = 17. Let u be 15/6*36/k. Suppose 2*n - 305 = -u*n. Calculate the remainder when n is divided by 21.
19
What is the remainder when (-7954)/(-205) + (-2)/(-10) is divided by 10?
9
Let t = 1240 + -1099. Calculate the remainder when t is divided by 51.
39
What is the remainder when 35 + -12*(-9)/(-12) is divided by (7/2)/(1/2)?
5
Suppose 0 = 7*y - 10*y + t + 22, 0 = -y - 4*t - 10. Let k(o) = -o + 1. Let f be k(-5). Suppose y*q - f = 60. Calculate the remainder when 19 is divided by q.
8
Let r(u) = -5*u + 7